{"id":587,"date":"2025-12-31T06:45:01","date_gmt":"2025-12-31T06:45:01","guid":{"rendered":"https:\/\/isoyaevent.fr\/?page_id=587"},"modified":"2025-12-31T07:06:32","modified_gmt":"2025-12-31T07:06:32","slug":"devis","status":"publish","type":"page","link":"http:\/\/isoyaevent.fr\/index.php\/devis\/","title":{"rendered":"DEVIS"},"content":{"rendered":"\t\t<div data-elementor-type=\"wp-page\" data-elementor-id=\"587\" class=\"elementor elementor-587\" data-elementor-post-type=\"page\">\n\t\t\t\t<div class=\"elementor-element elementor-element-452a51b e-flex e-con-boxed e-con e-parent\" data-id=\"452a51b\" data-element_type=\"container\">\n\t\t\t\t\t<div class=\"e-con-inner\">\n\t\t\t\t<div class=\"elementor-element elementor-element-902c829 elementor-widget elementor-widget-heading\" data-id=\"902c829\" data-element_type=\"widget\" data-widget_type=\"heading.default\">\n\t\t\t\t<div class=\"elementor-widget-container\">\n\t\t\t<h2 class=\"elementor-heading-title elementor-size-default\">DEMANDE DE DEVIS<\/h2>\t\t<\/div>\n\t\t\t\t<\/div>\n\t\t\t\t<div class=\"elementor-element elementor-element-a008b72 elementor-button-align-stretch elementor-widget elementor-widget-form\" data-id=\"a008b72\" data-element_type=\"widget\" data-settings=\"{&quot;step_next_label&quot;:&quot;Next&quot;,&quot;step_previous_label&quot;:&quot;Previous&quot;,&quot;button_width&quot;:&quot;100&quot;,&quot;step_type&quot;:&quot;number_text&quot;,&quot;step_icon_shape&quot;:&quot;circle&quot;}\" data-widget_type=\"form.default\">\n\t\t\t\t<div class=\"elementor-widget-container\">\n\t\t\t\t\t<form class=\"elementor-form\" method=\"post\" name=\"Demande de devis\">\n\t\t\t<input type=\"hidden\" name=\"post_id\" value=\"587\"\/>\n\t\t\t<input type=\"hidden\" name=\"form_id\" value=\"a008b72\"\/>\n\t\t\t<input type=\"hidden\" name=\"referer_title\" value=\"isoyaevent.fr\" \/>\n\n\t\t\t\n\t\t\t<div class=\"elementor-form-fields-wrapper elementor-labels-above\">\n\t\t\t\t\t\t\t\t<div class=\"elementor-field-type-text elementor-field-group elementor-column elementor-field-group-name elementor-col-100\">\n\t\t\t\t\t\t\t\t\t\t\t\t<label for=\"form-field-name\" class=\"elementor-field-label\">\n\t\t\t\t\t\t\t\tNOM\t\t\t\t\t\t\t<\/label>\n\t\t\t\t\t\t\t\t\t\t\t\t\t\t<input size=\"1\" type=\"text\" name=\"form_fields[name]\" id=\"form-field-name\" class=\"elementor-field elementor-size-sm  elementor-field-textual\" placeholder=\"NOM\">\n\t\t\t\t\t\t\t\t\t\t\t<\/div>\n\t\t\t\t\t\t\t\t<div class=\"elementor-field-type-text elementor-field-group elementor-column elementor-field-group-field_aed75ac elementor-col-100\">\n\t\t\t\t\t\t\t\t\t\t\t\t<label for=\"form-field-field_aed75ac\" class=\"elementor-field-label\">\n\t\t\t\t\t\t\t\tPr\u00e9nom\t\t\t\t\t\t\t<\/label>\n\t\t\t\t\t\t\t\t\t\t\t\t\t\t<input size=\"1\" type=\"text\" name=\"form_fields[field_aed75ac]\" id=\"form-field-field_aed75ac\" class=\"elementor-field elementor-size-sm  elementor-field-textual\" placeholder=\"Pr\u00e9nom\">\n\t\t\t\t\t\t\t\t\t\t\t<\/div>\n\t\t\t\t\t\t\t\t<div class=\"elementor-field-type-email elementor-field-group elementor-column elementor-field-group-field_b2046c6 elementor-col-100\">\n\t\t\t\t\t\t\t\t\t\t\t\t<label for=\"form-field-field_b2046c6\" class=\"elementor-field-label\">\n\t\t\t\t\t\t\t\tEmail\t\t\t\t\t\t\t<\/label>\n\t\t\t\t\t\t\t\t\t\t\t\t\t\t<input size=\"1\" type=\"email\" name=\"form_fields[field_b2046c6]\" id=\"form-field-field_b2046c6\" class=\"elementor-field elementor-size-sm  elementor-field-textual\" placeholder=\"Email\">\n\t\t\t\t\t\t\t\t\t\t\t<\/div>\n\t\t\t\t\t\t\t\t<div class=\"elementor-field-type-text elementor-field-group elementor-column elementor-field-group-field_f177951 elementor-col-100\">\n\t\t\t\t\t\t\t\t\t\t\t\t<label for=\"form-field-field_f177951\" class=\"elementor-field-label\">\n\t\t\t\t\t\t\t\tAdresse de l'\u00e9v\u00e8nement\t\t\t\t\t\t\t<\/label>\n\t\t\t\t\t\t\t\t\t\t\t\t\t\t<input size=\"1\" type=\"text\" name=\"form_fields[field_f177951]\" id=\"form-field-field_f177951\" class=\"elementor-field elementor-size-sm  elementor-field-textual\" placeholder=\"Adresse\">\n\t\t\t\t\t\t\t\t\t\t\t<\/div>\n\t\t\t\t\t\t\t\t<div class=\"elementor-field-type-text elementor-field-group elementor-column elementor-field-group-field_019d431 elementor-col-100\">\n\t\t\t\t\t\t\t\t\t\t\t\t<label for=\"form-field-field_019d431\" class=\"elementor-field-label\">\n\t\t\t\t\t\t\t\tVille\t\t\t\t\t\t\t<\/label>\n\t\t\t\t\t\t\t\t\t\t\t\t\t\t<input size=\"1\" type=\"text\" name=\"form_fields[field_019d431]\" id=\"form-field-field_019d431\" class=\"elementor-field elementor-size-sm  elementor-field-textual\" placeholder=\"Ville\">\n\t\t\t\t\t\t\t\t\t\t\t<\/div>\n\t\t\t\t\t\t\t\t<div class=\"elementor-field-type-text elementor-field-group elementor-column elementor-field-group-field_8bda879 elementor-col-100\">\n\t\t\t\t\t\t\t\t\t\t\t\t<label for=\"form-field-field_8bda879\" class=\"elementor-field-label\">\n\t\t\t\t\t\t\t\tCode postal\t\t\t\t\t\t\t<\/label>\n\t\t\t\t\t\t\t\t\t\t\t\t\t\t<input size=\"1\" type=\"text\" name=\"form_fields[field_8bda879]\" id=\"form-field-field_8bda879\" class=\"elementor-field elementor-size-sm  elementor-field-textual\" placeholder=\"Code postal\">\n\t\t\t\t\t\t\t\t\t\t\t<\/div>\n\t\t\t\t\t\t\t\t<div class=\"elementor-field-type-text elementor-field-group elementor-column elementor-field-group-field_119014b elementor-col-100 elementor-field-required\">\n\t\t\t\t\t\t\t\t\t\t\t\t<label for=\"form-field-field_119014b\" class=\"elementor-field-label\">\n\t\t\t\t\t\t\t\tBudget estim\u00e9\t\t\t\t\t\t\t<\/label>\n\t\t\t\t\t\t\t\t\t\t\t\t\t\t<input size=\"1\" type=\"text\" name=\"form_fields[field_119014b]\" id=\"form-field-field_119014b\" class=\"elementor-field elementor-size-sm  elementor-field-textual\" placeholder=\"Budget\" required=\"required\" aria-required=\"true\">\n\t\t\t\t\t\t\t\t\t\t\t<\/div>\n\t\t\t\t\t\t\t\t<div class=\"elementor-field-type-textarea elementor-field-group elementor-column elementor-field-group-message elementor-col-100\">\n\t\t\t\t\t\t\t\t\t\t\t\t<label for=\"form-field-message\" class=\"elementor-field-label\">\n\t\t\t\t\t\t\t\tMessage\t\t\t\t\t\t\t<\/label>\n\t\t\t\t\t\t<textarea class=\"elementor-field-textual elementor-field  elementor-size-sm\" name=\"form_fields[message]\" id=\"form-field-message\" rows=\"4\" placeholder=\"Message\"><\/textarea>\t\t\t\t<\/div>\n\t\t\t\t\t\t\t\t<div class=\"elementor-field-group elementor-column elementor-field-type-submit elementor-col-100 e-form__buttons\">\n\t\t\t\t\t<button type=\"submit\" class=\"elementor-button elementor-size-sm\">\n\t\t\t\t\t\t<span >\n\t\t\t\t\t\t\t\t\t\t\t\t\t\t\t<span class=\" elementor-button-icon\">\n\t\t\t\t\t\t\t\t\t\t\t\t\t\t\t\t\t\t\t\t\t\t\t\t\t\t<\/span>\n\t\t\t\t\t\t\t\t\t\t\t\t\t\t\t\t\t\t\t\t\t\t<span class=\"elementor-button-text\">Send<\/span>\n\t\t\t\t\t\t\t\t\t\t\t\t\t<\/span>\n\t\t\t\t\t<\/button>\n\t\t\t\t<\/div>\n\t\t\t<\/div>\n\t\t<\/form>\n\t\t\t\t<\/div>\n\t\t\t\t<\/div>\n\t\t\t\t\t<\/div>\n\t\t\t\t<\/div>\n\t\t\t\t<\/div>\n\t\t","protected":false},"excerpt":{"rendered":"<p>DEMANDE DE DEVIS<\/p>\n","protected":false},"author":1,"featured_media":0,"parent":0,"menu_order":0,"comment_status":"closed","ping_status":"closed","template":"","meta":{"footnotes":""},"class_list":["post-587","page","type-page","status-publish","hentry"],"yoast_head":"<!-- This site is optimized with the Yoast SEO plugin v23.9 - https:\/\/yoast.com\/wordpress\/plugins\/seo\/ -->\n<title>DEVIS - isoyaevent.fr<\/title>\n<meta name=\"robots\" content=\"index, follow, max-snippet:-1, max-image-preview:large, max-video-preview:-1\" \/>\n<link rel=\"canonical\" href=\"http:\/\/isoyaevent.fr\/index.php\/devis\/\" \/>\n<meta property=\"og:locale\" content=\"fr_FR\" \/>\n<meta property=\"og:type\" content=\"article\" \/>\n<meta property=\"og:title\" content=\"DEVIS - isoyaevent.fr\" \/>\n<meta property=\"og:description\" content=\"DEMANDE DE DEVIS\" \/>\n<meta property=\"og:url\" content=\"http:\/\/isoyaevent.fr\/index.php\/devis\/\" \/>\n<meta property=\"og:site_name\" content=\"isoyaevent.fr\" \/>\n<meta property=\"article:publisher\" content=\"https:\/\/www.facebook.com\/profile.php?id=61554702089975\" \/>\n<meta property=\"article:modified_time\" content=\"2025-12-31T07:06:32+00:00\" \/>\n<meta name=\"twitter:card\" content=\"summary_large_image\" \/>\n<meta name=\"twitter:label1\" content=\"Dur\u00e9e de lecture estim\u00e9e\" \/>\n\t<meta name=\"twitter:data1\" content=\"1 minute\" \/>\n<script type=\"application\/ld+json\" class=\"yoast-schema-graph\">{\"@context\":\"https:\/\/schema.org\",\"@graph\":[{\"@type\":\"WebPage\",\"@id\":\"http:\/\/isoyaevent.fr\/index.php\/devis\/\",\"url\":\"http:\/\/isoyaevent.fr\/index.php\/devis\/\",\"name\":\"DEVIS - isoyaevent.fr\",\"isPartOf\":{\"@id\":\"http:\/\/isoyaevent.fr\/#website\"},\"datePublished\":\"2025-12-31T06:45:01+00:00\",\"dateModified\":\"2025-12-31T07:06:32+00:00\",\"breadcrumb\":{\"@id\":\"http:\/\/isoyaevent.fr\/index.php\/devis\/#breadcrumb\"},\"inLanguage\":\"fr-FR\",\"potentialAction\":[{\"@type\":\"ReadAction\",\"target\":[\"http:\/\/isoyaevent.fr\/index.php\/devis\/\"]}]},{\"@type\":\"BreadcrumbList\",\"@id\":\"http:\/\/isoyaevent.fr\/index.php\/devis\/#breadcrumb\",\"itemListElement\":[{\"@type\":\"ListItem\",\"position\":1,\"name\":\"Home\",\"item\":\"http:\/\/isoyaevent.fr\/\"},{\"@type\":\"ListItem\",\"position\":2,\"name\":\"DEVIS\"}]},{\"@type\":\"WebSite\",\"@id\":\"http:\/\/isoyaevent.fr\/#website\",\"url\":\"http:\/\/isoyaevent.fr\/\",\"name\":\"isoyaevent.fr\",\"description\":\"Votre expert en organisation et d\u00e9coration sur mesure, pour des \u00e9v\u00e9nements qui vous ressemblent.\",\"publisher\":{\"@id\":\"http:\/\/isoyaevent.fr\/#organization\"},\"potentialAction\":[{\"@type\":\"SearchAction\",\"target\":{\"@type\":\"EntryPoint\",\"urlTemplate\":\"http:\/\/isoyaevent.fr\/?s={search_term_string}\"},\"query-input\":{\"@type\":\"PropertyValueSpecification\",\"valueRequired\":true,\"valueName\":\"search_term_string\"}}],\"inLanguage\":\"fr-FR\"},{\"@type\":\"Organization\",\"@id\":\"http:\/\/isoyaevent.fr\/#organization\",\"name\":\"isoyaevent.fr\",\"url\":\"http:\/\/isoyaevent.fr\/\",\"logo\":{\"@type\":\"ImageObject\",\"inLanguage\":\"fr-FR\",\"@id\":\"http:\/\/isoyaevent.fr\/#\/schema\/logo\/image\/\",\"url\":\"http:\/\/isoyaevent.fr\/wp-content\/uploads\/2024\/10\/Design-sans-titre-13.png\",\"contentUrl\":\"http:\/\/isoyaevent.fr\/wp-content\/uploads\/2024\/10\/Design-sans-titre-13.png\",\"width\":2160,\"height\":2160,\"caption\":\"isoyaevent.fr\"},\"image\":{\"@id\":\"http:\/\/isoyaevent.fr\/#\/schema\/logo\/image\/\"},\"sameAs\":[\"https:\/\/www.facebook.com\/profile.php?id=61554702089975\",\"https:\/\/www.instagram.com\/isoya_event\/profilecard\/?igsh=OW1hbDQ3b3AxeG1l\"]}]}<\/script>\n<!-- \/ Yoast SEO plugin. -->","yoast_head_json":{"title":"DEVIS - isoyaevent.fr","robots":{"index":"index","follow":"follow","max-snippet":"max-snippet:-1","max-image-preview":"max-image-preview:large","max-video-preview":"max-video-preview:-1"},"canonical":"http:\/\/isoyaevent.fr\/index.php\/devis\/","og_locale":"fr_FR","og_type":"article","og_title":"DEVIS - isoyaevent.fr","og_description":"DEMANDE DE DEVIS","og_url":"http:\/\/isoyaevent.fr\/index.php\/devis\/","og_site_name":"isoyaevent.fr","article_publisher":"https:\/\/www.facebook.com\/profile.php?id=61554702089975","article_modified_time":"2025-12-31T07:06:32+00:00","twitter_card":"summary_large_image","twitter_misc":{"Dur\u00e9e de lecture estim\u00e9e":"1 minute"},"schema":{"@context":"https:\/\/schema.org","@graph":[{"@type":"WebPage","@id":"http:\/\/isoyaevent.fr\/index.php\/devis\/","url":"http:\/\/isoyaevent.fr\/index.php\/devis\/","name":"DEVIS - isoyaevent.fr","isPartOf":{"@id":"http:\/\/isoyaevent.fr\/#website"},"datePublished":"2025-12-31T06:45:01+00:00","dateModified":"2025-12-31T07:06:32+00:00","breadcrumb":{"@id":"http:\/\/isoyaevent.fr\/index.php\/devis\/#breadcrumb"},"inLanguage":"fr-FR","potentialAction":[{"@type":"ReadAction","target":["http:\/\/isoyaevent.fr\/index.php\/devis\/"]}]},{"@type":"BreadcrumbList","@id":"http:\/\/isoyaevent.fr\/index.php\/devis\/#breadcrumb","itemListElement":[{"@type":"ListItem","position":1,"name":"Home","item":"http:\/\/isoyaevent.fr\/"},{"@type":"ListItem","position":2,"name":"DEVIS"}]},{"@type":"WebSite","@id":"http:\/\/isoyaevent.fr\/#website","url":"http:\/\/isoyaevent.fr\/","name":"isoyaevent.fr","description":"Votre expert en organisation et d\u00e9coration sur mesure, pour des \u00e9v\u00e9nements qui vous ressemblent.","publisher":{"@id":"http:\/\/isoyaevent.fr\/#organization"},"potentialAction":[{"@type":"SearchAction","target":{"@type":"EntryPoint","urlTemplate":"http:\/\/isoyaevent.fr\/?s={search_term_string}"},"query-input":{"@type":"PropertyValueSpecification","valueRequired":true,"valueName":"search_term_string"}}],"inLanguage":"fr-FR"},{"@type":"Organization","@id":"http:\/\/isoyaevent.fr\/#organization","name":"isoyaevent.fr","url":"http:\/\/isoyaevent.fr\/","logo":{"@type":"ImageObject","inLanguage":"fr-FR","@id":"http:\/\/isoyaevent.fr\/#\/schema\/logo\/image\/","url":"http:\/\/isoyaevent.fr\/wp-content\/uploads\/2024\/10\/Design-sans-titre-13.png","contentUrl":"http:\/\/isoyaevent.fr\/wp-content\/uploads\/2024\/10\/Design-sans-titre-13.png","width":2160,"height":2160,"caption":"isoyaevent.fr"},"image":{"@id":"http:\/\/isoyaevent.fr\/#\/schema\/logo\/image\/"},"sameAs":["https:\/\/www.facebook.com\/profile.php?id=61554702089975","https:\/\/www.instagram.com\/isoya_event\/profilecard\/?igsh=OW1hbDQ3b3AxeG1l"]}]}},"_links":{"self":[{"href":"http:\/\/isoyaevent.fr\/index.php\/wp-json\/wp\/v2\/pages\/587","targetHints":{"allow":["GET"]}}],"collection":[{"href":"http:\/\/isoyaevent.fr\/index.php\/wp-json\/wp\/v2\/pages"}],"about":[{"href":"http:\/\/isoyaevent.fr\/index.php\/wp-json\/wp\/v2\/types\/page"}],"author":[{"embeddable":true,"href":"http:\/\/isoyaevent.fr\/index.php\/wp-json\/wp\/v2\/users\/1"}],"replies":[{"embeddable":true,"href":"http:\/\/isoyaevent.fr\/index.php\/wp-json\/wp\/v2\/comments?post=587"}],"version-history":[{"count":4,"href":"http:\/\/isoyaevent.fr\/index.php\/wp-json\/wp\/v2\/pages\/587\/revisions"}],"predecessor-version":[{"id":592,"href":"http:\/\/isoyaevent.fr\/index.php\/wp-json\/wp\/v2\/pages\/587\/revisions\/592"}],"wp:attachment":[{"href":"http:\/\/isoyaevent.fr\/index.php\/wp-json\/wp\/v2\/media?parent=587"}],"curies":[{"name":"wp","href":"https:\/\/api.w.org\/{rel}","templated":true}]}}